 s(x). Let z = k + 1198. Is z composite?
False
Let g be (-9)/((-36)/32) + 1. Suppose 15 = 2*w + g. Suppose 10351 = w*x + 2482. Is x composite?
True
Let q = 192843 + 54050. Is q a prime number?
False
Let z(c) = 63*c**3 - 20*c**2 - 29*c + 345. Is z(21) a composite number?
True
Let g = 25 + -24. Is (21/42)/(g/18218) prime?
True
Let d = 677 - 657. Suppose 5*o + d*s = 16*s + 12287, -2*o + 4913 = s. Is o prime?
False
Suppose -4*f - 5*l + 12 = -8, 0 = 2*f + 4*l - 16. Suppose f = 2*a, 0*a - 3 = -3*h - 3*a. Is h - 1342/(-3) - 14/(-21) composite?
False
Let c(h) = -h**3 - 11*h**2 - 27*h + 21. Let i be c(-7). Suppose -5*f + i*f = 57483. Is f a prime number?
False
Let k = 54355 - 27998. Is k a composite number?
False
Let r = 2743 - 774. Suppose 0 = -0*p + p - r. Is p prime?
False
Suppose 4*m = 2*p - 814186 - 573744, -3*p + 2081879 = 2*m. Is p a composite number?
False
Suppose 7*v + 1315 = 4*v - 2*g, 5*v - 3*g = -2179. Let w = 228 + v. Let x = -142 - w. Is x composite?
False
Suppose -3*k - 107736 = 2*a - 1506515, -3 = -3*a. Is k a prime number?
False
Let v = 45098 - 19711. Is v a composite number?
True
Suppose -3*q - 89*s + 88*s = -325896, s = -q + 108634. Is q a composite number?
False
Let k(q) = 244*q**2 - 7*q + 124. Is k(10) prime?
False
Is (-12)/39 - 906283/182*-30 a composite number?
True
Let k(o) = -285*o + 34 - 3*o**2 + 268*o + o**2. Let u(b) = b**2 - b - 1. Let z(m) = -k(m) - 3*u(m). Is z(16) prime?
False
Let c(r) = 774*r + 23. Let j(a) = -2324*a - 69. Let g(v) = -8*c(v) - 3*j(v). Is g(6) a composite number?
False
Let d(l) = -241*l**2 + 14*l - 2. Let f be d(9). Let z = f + 33148. Is z a composite number?
False
Let q(o) = 2*o**3 - 27*o**2 - 26*o - 275. Is q(24) prime?
True
Let n = -131116 - -402253. Is n a prime number?
False
Let h = 35 - 35. Suppose h = -4*d - 5*s + 15, -2*s + 8 = -4*d + 2. Suppose d = -14*y + 2*y + 9780. Is y prime?
False
Suppose 4*h - 3*w = -13939, 5*w + 17450 = -6*h + h. Let n = 8040 + h. Let z = n - 2730. Is z a prime number?
True
Is (1 - -9) + 63389 + -38 a composite number?
False
Suppose 4*j - 5503110 = -13*j - 13*j. Is j a composite number?
False
Suppose 3*i + 0*l + 4*l = -101, -l = 4*i + 152. Is i*(8/(-3) + 33 + -31) a composite number?
True
Suppose -62*i + 12141925 = 373271. Is i a prime number?
True
Suppose 0 = -6*a + 342798 + 419388. Is a prime?
True
Suppose s + 33 = 49. Let h = 20 - s. Is h a composite number?
True
Is 9664281/1674 - 2/12 a prime number?
False
Let f be (34/(-1))/((-20 + 6)/7). Suppose f*c - 30 = 11*c. Let g(r) = 112*r + 3. Is g(c) a prime number?
True
Suppose 4*t + 202843 = f, -202851 = 52*f - 53*f + 2*t. Is f a composite number?
False
Let u be 338/(4 + (-9082)/2271). Suppose -37*j + u = 2*j. Is j prime?
False
Let z be (2/(4/5))/(3/6). Suppose -16 + 11 = z*t. Is t/((3/(-1))/669) a composite number?
False
Suppose -17*c - 2*w = -16*c + 276763, 0 = -3*w + 12. Is c/11*3/(-9) a composite number?
False
Is 264/924 + 1045077/7 prime?
True
Suppose 0 - 4 = -u. Suppose -u*s + 2 = y, -s + 5*s - 12 = -2*y. Let x(m) = -m**3 + 12*m**2 + 6*m + 3. Is x(y) prime?
True
Let z = 60192 - -28525. Is z a composite number?
True
Let b be 3 + 20/(-30) - (-4)/6. Suppose -4*s - 13*x = -12*x - 1212, 909 = b*s - 2*x. Is s composite?
True
Let v(n) = 9*n - 15. Let f be v(-13). Let b be (-2)/(-4)*(3 - 3 - -778). Let l = b - f. Is l prime?
True
Suppose 6*c - 190 = -32*c. Let t be 25/(-10)*8/(-10). Is c/10*487*t a prime number?
True
Let k = 430458 - 67561. Is k a prime number?
True
Suppose -5*b + 341552 + 218018 = p, -b + 5*p + 111888 = 0. Is b a composite number?
False
Suppose 5*s + 431042 = -5*s + 12*s. Is s prime?
True
Suppose s - 2*q - 1402 = 2*q, q = -5. Let i = s + -2535. Is -2*(-2 - i/(-2)) composite?
True
Let y = 94387 + 523008. Is y composite?
True
Let z = 111 + -111. Suppose 4*m + 4*s - 938 - 19958 = z, 10469 = 2*m - 5*s. Is m prime?
True
Let l = 121 + -119. Suppose 0 = 4*w - l*w + 2*w. Suppose -9*h + w*h = -3339. Is h prime?
False
Let j be 8/2 - 1 - (-2 + 3). Let x(m) be the third derivative of 1447*m**4/24 - 7*m**3/6 + 40*m**2. Is x(j) a composite number?
False
Let x = 189227 + -112224. Is x composite?
False
Let m(d) = 3*d + 2. Let v be m(-1). Let t be 223 + v + -2 + 6. Let u = t + -80. Is u composite?
True
Let z(l) be the first derivative of -477*l**2/2 - 8*l - 32. Let k be z(-2). Suppose -5*h - j = -2347, 4*j - 8*j + k = 2*h. Is h composite?
True
Let r be (-5)/30 - 38/(-12). Suppose -51 = -4*b - r*f, 5*b = -f - 4*f + 70. Is b/(-6) - -1 - (-1113)/14 composite?
False
Suppose -39045 = -5*x + 12525. Suppose -4*b + 337 - 5512 = -v, -4*b = 2*v - x. Is v a composite number?
True
Let q(o) = 139*o**2 - 59*o + 39. Is q(-14) prime?
True
Let p(k) = -k**3 + 13*k**2 - 8*k + 1. Let j be p(12). Let z = j + -54. Let f(q) = 33*q**2 - 22. Is f(z) a prime number?
False
Let k(g) = g**3 - g**2. Let d(j) = -7*j**3 + 5*j**2 + j - 14. Let r(n) = -d(n) - 5*k(n). Let b be r(8). Suppose 6*m - 11*m = -b. Is m a composite number?
True
Let x(f) = 6*f**2 + 60*f + 9. Let a be x(-10). Let w(q) = 4542*q - 5. Is w(a) a prime number?
False
Let t(k) be the third derivative of 14*k**5/5 - k**4/4 + k**3/3 + k**2. Suppose 0 = 18*p + 40 - 76. Is t(p) composite?
True
Let g(z) = -2*z**3 + 2*z**2 + 2*z. Let s be g(-1). Suppose 18256 = 18*j - s*j. Is j composite?
True
Suppose -l + 32883 = 3*m, 2*l = 3*m - 13057 - 19826. Is m composite?
True
Let b(k) be the third derivative of 2*k**4/3 + 17*k**3/6 - 2*k**2 + 1625*k. Let x(m) = -m**3 - 7*m**2 - 7*m. Let o be x(-6). Is b(o) a composite number?
False
Let s be (-9)/18*(17 + 1). Is (26346/s - 0)*(-39)/26 composite?
False
Suppose 3*d - 75759 = 5*b, 22*b = 4*d + 25*b - 101012. Is d a composite number?
False
Let u = 158622 - 112309. Is u a composite number?
True
Suppose 0*l + 8*l - 24 = 0. Suppose 0 = l*r - 16118 - 8899. Is r a prime number?
False
Is (7275 - -2) + (-114)/(95/(-5)) composite?
False
Suppose -164*j + 2895 = -165*j. Let i = 4354 + j. Is i a composite number?
False
Let c(m) = 23602*m**2 - 2*m - 13. Is c(2) a prime number?
False
Is 26318 - (-630)/(-490)*7/1 a composite number?
False
Let i(t) = -2*t + 13. Let s(h) = -3*h + 12. Let g(w) = 2*i(w) - 3*s(w). Let x be g(2). Suppose x*a = 3*k + a - 667, -4*k + 896 = -2*a. Is k a prime number?
True
Suppose 2*w - 3*n = 421459, 2*w + 2*n = -3*n + 421403. Is w prime?
True
Let m(h) = 41*h**3 - 5*h**2 - 17*h - 17. Let u(q) = -q**3 - q + 1. Let b(l) = -m(l) - 4*u(l). Is b(-6) a prime number?
True
Let v(q) = 3961*q**2 - q + 4. Let l be v(-3). Suppose 898*i = 902*i - l. Is i prime?
False
Suppose 2*q + i = 5*q - 5725, 0 = -2*q - 4*i + 3826. Let z = q - 711. Let l = z - -1213. Is l composite?
False
Let p(l) = 4*l**2 + 34*l - 2037. Is p(40) composite?
True
Let s(p) = p**3 - 148*p**2 - 203*p + 393. Is s(168) a prime number?
False
Suppose -12 - 16 = -7*o. Suppose -2*p + 4*y + 1604 = 0, -p - 4*p = o*y - 4010. Suppose -3*t - t - p = -2*m, m - 429 = -5*t. Is m prime?
True
Let w be (9 + -12)/((-6)/4). Suppose -u = w*u - 15. Suppose 8037 = 4*p + u*p. Is p a composite number?
True
Is 0 + -1*((-1378672)/5 - (-18)/(-30)) prime?
False
Let s = -246 - -106. Let k = 119 + s. Let l(x) = x**3 + 22*x**2 - 33*x - 37. Is l(k) a prime number?
True
Suppose -2*l + 2*r - 324 = 0, -3*l - 245 = r + 241. Let z = l + 365. Is z a prime number?
False
Let h(o) be the first derivative of 17*o**4/4 - 5*o**3 + 19*o**2 - o - 35. Is h(6) prime?
True
Suppose -3*h + 0 - 5 = -4*f, -5*f = 4*h - 45. Suppose -5*l = h, 10*v - 5*l - 11160 = 5*v. Is v a composite number?
True
Let s = 602550 - 218957. Is s a prime number?
False
Suppose -3*h - 5*w + 334421 = -0*w, 222950 = 2*h + 4*w. Is h composite?
False
Suppose 17*y = -y + 5*y + 431951. Is y prime?
False
Suppose 3*q + 4*w - 7291 = 0, 19 - 39 = 4*w. Is q a prime number?
True
Suppose 5*h - 12 = k, -5*h + 0*h = -5*k. Suppose -2*t = k*u - 6389, -3*t = -4*u - 14845 + 5270. Is t composite?
True
Suppose 157*j - 155*j = 24394. Suppose 0 = -6*l + 18121 + j. Is l composite?
True
Suppose n - 6 = -5. Let u be -6 - 0 - 4 - (n + 1). Let x = 439 - u. Is x composite?
True
Is 22087*(-5 + 47)/(-7)*(-2)/12 a prime number?
False
Let v = 89 + -89. Let g(i) = -i**2 + 4812. Let c be g(v). Let y = c + -3157. Is y a composite number?
True
Let r be (1*((-20)/2)/2)/(-1). Let h be ((-7605)/(-6))/r*(-16)/